
What is the units digit of 51?
1
What is the units digit of 1307?
7
What is the hundreds digit of 23008?
0
What is the tens digit of 504?
0
What is the tens digit of 1579?
7
What is the tens digit of 10263?
6
What is the thousands digit of 19268?
9
What is the hundreds digit of 162546?
5
What is the thousands digit of 37526?
7
What is the tens digit of 64112?
1
What is the units digit of 3763?
3
What is the tens digit of 110?
1
What is the ten thousands digit of 58215?
5
What is the hundreds digit of 581?
5
What is the units digit of 7211?
1
What is the hundreds digit of 201?
2
What is the tens digit of 119201?
0
What is the units digit of 1341?
1
What is the units digit of 1071?
1
What is the thousands digit of 12552?
2
What is the tens digit of 19342?
4
What is the hundreds digit of 380?
3
What is the tens digit of 567?
6
What is the units digit of 3?
3
What is the thousands digit of 16891?
6
What is the tens digit of 1899?
9
What is the units digit of 1004?
4
What is the hundreds digit of 1835?
8
What is the thousands digit of 25583?
5
What is the thousands digit of 5349?
5
What is the tens digit of 1577?
7
What is the hundreds digit of 4979?
9
What is the tens digit of 3851?
5
What is the hundreds digit of 8060?
0
What is the tens digit of 1783?
8
What is the thousands digit of 51179?
1
What is the thousands digit of 17981?
7
What is the hundreds digit of 9558?
5
What is the thousands digit of 46640?
6
What is the hundreds digit of 5840?
8
What is the units digit of 18990?
0
What is the tens digit of 981?
8
What is the thousands digit of 9081?
9
What is the hundreds digit of 43091?
0
What is the units digit of 44529?
9
What is the tens digit of 11587?
8
What is the thousands digit of 5726?
5
What is the tens digit of 890?
9
What is the hundreds digit of 495?
4
What is the tens digit of 22656?
5
What is the thousands digit of 12518?
2
What is the hundreds digit of 53151?
1
What is the ten thousands digit of 49525?
4
What is the units digit of 287?
7
What is the units digit of 14226?
6
What is the hundreds digit of 11766?
7
What is the tens digit of 2999?
9
What is the hundreds digit of 8671?
6
What is the ten thousands digit of 86810?
8
What is the thousands digit of 4745?
4
What is the ten thousands digit of 50076?
5
What is the units digit of 1163?
3
What is the thousands digit of 15364?
5
What is the thousands digit of 1132?
1
What is the ten thousands digit of 10834?
1
What is the units digit of 3213?
3
What is the units digit of 76051?
1
What is the hundreds digit of 415?
4
What is the tens digit of 3683?
8
What is the hundreds digit of 2492?
4
What is the units digit of 3266?
6
What is the tens digit of 906?
0
What is the thousands digit of 1174?
1
What is the ten thousands digit of 13063?
1
What is the units digit of 14307?
7
What is the hundreds digit of 210?
2
What is the thousands digit of 6678?
6
What is the thousands digit of 10680?
0
What is the hundreds digit of 9081?
0
What is the tens digit of 99357?
5
What is the units digit of 195?
5
What is the tens digit of 3027?
2
What is the tens digit of 23787?
8
What is the units digit of 45857?
7
What is the hundreds digit of 44667?
6
What is the tens digit of 19037?
3
What is the tens digit of 8365?
6
What is the units digit of 2086?
6
What is the units digit of 7?
7
What is the tens digit of 783?
8
What is the units digit of 31766?
6
What is the units digit of 16070?
0
What is the hundreds digit of 947?
9
What is the hundreds digit of 5723?
7
What is the hundreds digit of 346?
3
What is the tens digit of 6620?
2
What is the hundreds digit of 48222?
2
What is the tens digit of 32417?
1
What is the hundreds digit of 4913?
9
What is the units digit of 12?
2
What is the units digit of 3703?
3
What is the thousands digit of 12605?
2
What is the thousands digit of 1137?
1
What is the tens digit of 1565?
6
What is the hundreds digit of 86398?
3
What is the hundreds digit of 570?
5
What is the units digit of 3841?
1
What is the thousands digit of 2325?
2
What is the tens digit of 20056?
5
What is the thousands digit of 33648?
3
What is the thousands digit of 2939?
2
What is the ten thousands digit of 66301?
6
What is the tens digit of 702?
0
What is the tens digit of 9106?
0
What is the tens digit of 652?
5
What is the tens digit of 29?
2
What is the units digit of 3070?
0
What is the units digit of 401?
1
What is the units digit of 58?
8
What is the hundreds digit of 678?
6
What is the hundreds digit of 752?
7
What is the units digit of 62619?
9
What is the units digit of 4897?
7
What is the thousands digit of 92287?
2
What is the tens digit of 976?
7
What is the tens digit of 4001?
0
What is the tens digit of 40171?
7
What is the thousands digit of 5009?
5
What is the units digit of 1447?
7
What is the units digit of 827?
7
What is the tens digit of 114827?
2
What is the tens digit of 5621?
2
What is the tens digit of 1900?
0
What is the units digit of 1965?
5
What is the tens digit of 56?
5
What is the ten thousands digit of 91628?
9
What is the tens digit of 7937?
3
What is the tens digit of 19321?
2
What is the hundreds digit of 1096?
0
What is the hundreds digit of 39693?
6
What is the hundreds digit of 1262?
2
What is the hundreds digit of 168079?
0
What is the hundreds digit of 9319?
3
What is the units digit of 14253?
3
What is the ten thousands digit of 10663?
1
What is the units digit of 19724?
4
What is the tens digit of 1410?
1
What is the tens digit of 60?
6
What is the hundreds digit of 1889?
8
What is the units digit of 1550?
0
What is the tens digit of 591?
9
What is the thousands digit of 40320?
0
What is the units digit of 224?
4
What is the units digit of 18605?
5
What is the units digit of 106277?
7
What is the units digit of 4216?
6
What is the units digit of 4724?
4
What is the tens digit of 8372?
7
What is the thousands digit of 4865?
4
What is the thousands digit of 5421?
5
What is the hundreds digit of 627?
6
What is the thousands digit of 6924?
6
What is the units digit of 103638?
8
What is the thousands digit of 3298?
3
What is the tens digit of 49502?
0
What is the units digit of 1303?
3
What is the hundreds digit of 1076?
0
What is the thousands digit of 3932?
3
What is the ten thousands digit of 24004?
2
What is the units digit of 1404?
4
What is the hundreds digit of 80457?
4
What is the tens digit of 66967?
6
What is the tens digit of 6338?
3
What is the tens digit of 9743?
4
What is the tens digit of 22673?
7
What is the hundreds digit of 1955?
9
What is the units digit of 6701?
1
What is the tens digit of 6451?
5
What is the tens digit of 936?
3
What is the tens digit of 52569?
6
What is the hundreds digit of 51294?
2
What is the tens digit of 2920?
2
What is the units digit of 3305?
5
What is the tens digit of 10425?
2
What is the hundreds digit of 835?
8
What is the hundreds digit of 2641?
6
What is the tens digit of 16115?
1
What is the thousands digit of 1581?
1
What is the units digit of 159612?
2
What is the hundreds digit of 467?
4
What is the units digit of 68?
8
What is the units digit of 4001?
1
What is the hundreds digit of 682?
6
What is the hundreds digit of 5301?
3
What is the hundreds digit of 203?
2
What is the tens digit of 765?
6
What is the ten thousands digit of 44248?
4
What is the units digit of 5852?
2
What is the tens digit of 2118?
1
What is the units digit of 302?
2
What is the tens digit of 487?
8
What is the hundreds digit of 2994?
9
What is the ten thousands digit of 145331?
4
What is the units digit of 1062?
2
What is the tens digit of 109?
0
What is the thousands digit of 12362?
2
What is the hundreds digit of 896?
8
What is the thousands digit of 5023?
5
What is the tens digit of 16852?
5
What is the hundreds digit of 428?
4
What is the tens digit of 25871?
7
What is the thousands digit of 9210?
9
What is the hundreds digit of 2029?
0
What is the units digit of 891?
1
What is the thousands digit of 12013?
2
What is the units digit of 429?
9
What is the tens digit of 1220?
2
What is the tens digit of 1977?
7
What is the thousands digit of 7309?
7
What is the tens digit of 710?
1
What is the units digit of 15876?
6
What is the units digit of 3911?
1
What is the hundreds digit of 639?
6
What is the tens digit of 24874?
